t derivative of 51*o**3 + o**2/2 - 49. List the prime factors of q(-1).
2, 19
Let h(y) = -135*y**3 + 22*y + 52. List the prime factors of h(-6).
2, 5, 727
Let t = -6919 + 41017. What are the prime factors of t?
2, 3, 5683
Let l(q) = -7*q**2 - 705*q + 2. List the prime factors of l(-39).
2, 5, 337
Suppose -3*y - 1911 = -2*c - c, 5*y = 3*c - 1911. Let z = c + -354. List the prime factors of z.
283
Suppose 2*m + 5*q = 62176, 47*m - 45*m - 2*q - 62120 = 0. List the prime factors of m.
2, 3, 863
Let w(v) = v**2 - 2*v + 17. Let k be w(17). Suppose -2*s + s = -5*m - k, -1332 = -5*s - 3*m. What are the prime factors of s?
3, 89
Suppose -21*m + 18*m + 99274 = -4*t, 0 = 4*t - 20. List the prime factors of m.
2, 13, 19, 67
Suppose -1 + 21 = -4*s. List the prime factors of s + (329 - (-9)/(45/(-20))).
2, 5
Suppose -5*y + 540 + 45 = 0. List the prime factors of y.
3, 13
List the prime factors of 0 - (-71530)/8 - (-36)/48.
2, 17, 263
Let k(v) = 17*v**2 + 9*v - 8*v + 50*v**2 + 1 + 1. Let x be 4/(-10) - (-24)/(-40). What are the prime factors of k(x)?
2, 17
Let j(r) = 2*r**2 - 45*r - 77. Let b be j(24). Let h(l) = -17*l + 26. What are the prime factors of h(b)?
3, 37
Let q = 673 - -10369. List the prime factors of q.
2, 5521
Suppose -14*j + 672 = -0*j. What are the prime factors of 80964/162 + (j/(-27) - -2)?
2, 5
Suppose 11*o + 29*o = 24240. Let h = o - 402. List the prime factors of h.
2, 3, 17
Suppose -14*p + 9*p = -5*w + 340, 3*w - 220 = -p. What are the prime factors of (408352/w)/7 - 2/9?
2, 3, 5
Let p = -415 - 45. Let q = p - -751. List the prime factors of q.
3, 97
Suppose 10*b - 10656 = 6*b. Suppose 21*p = 13*p + b. List the prime factors of p.
3, 37
Let c = -16 - -16. Let t be (-1 - -7)*(c + (-580)/12). List the prime factors of (-1 - t/14) + (-22)/(-77).
2, 5
Suppose 9 = z + 2*z. Suppose 0 = z*m - s - 826, -942 = -3*m - 5*s - 140. List the prime factors of m.
2, 137
Suppose 5*j + 2*i - 38 = 0, i - 4 = j - 6. Suppose 5*x = 3*q - j*q + 1239, 0 = 5*q - 3*x - 2099. List the prime factors of q.
2, 11, 19
Let z(v) = -2*v**3 - 160*v**2 + 160*v + 118. What are the prime factors of z(-81)?
2, 5, 7
Suppose -5*h + 22 = 7. Suppose 2*o = 4*m + h*o - 1350, 4*m - 1358 = 3*o. What are the prime factors of m?
2, 13
Suppose 4*f = -11*f - 720. What are the prime factors of (-18)/f + (87948/32)/7?
3, 131
Let w be (-11)/(-22) - (2 + (-43)/2). Let b(i) = 28*i + 146. What are the prime factors of b(w)?
2, 353
Let b = -381 - -386. List the prime factors of (-19)/(b - 252/50).
5, 19
Let p = 31 - 28. Suppose 4*f - 1017 - 453 = -5*x, -2*x + p*f + 565 = 0. What are the prime factors of x?
2, 5, 29
Suppose 193*p - 3780920 = -160*p + 298*p. List the prime factors of p.
2, 13, 661
Let y = 6 - 9. Let o be 205 + -1 + 1*(2 + 2). What are the prime factors of o + -1 - (3 + y + -2)?
11, 19
Let o = 140 - 110. Let x = 881 - o. List the prime factors of x.
23, 37
Suppose -5*w + 34*v + 104 = 38*v, 96 = 5*w - 4*v. Suppose 6179 + 6921 = w*x. List the prime factors of x.
5, 131
Let c(m) = m**2 - 390. List the prime factors of c(-194).
2, 11, 1693
Let o be (3/(-6))/((-2)/(-1004)). Let j = o - -485. What are the prime factors of j?
2, 3, 13
Suppose -3*s = -13*r + 17*r - 33670, -4*s + 25263 = 3*r. What are the prime factors of r?
47, 179
Let a(z) = -2*z**3 + z**2 + 28*z + 14448. What are the prime factors of a(0)?
2, 3, 7, 43
Suppose 28*r = 6*r + 452694. Suppose 0 = 21*j - r + 7746. List the prime factors of j.
13, 47
Let n(j) = j**3 + j**2 + 42*j + 3110. What are the prime factors of n(0)?
2, 5, 311
Suppose -x + 49297 = 3*h, 0 = -3*x - 2*h + 12958 + 134933. What are the prime factors of x?
49297
Let n be (525/70)/(2/4). Suppose 9*w - n*w + 2262 = 0. What are the prime factors of w?
13, 29
Suppose 4*w - 3*s = -s + 10, 4*s = -20. Suppose -h + 10*h - 1638 = w. List the prime factors of h.
2, 7, 13
Suppose 88*z + 1386000 = 288*z. List the prime factors of z.
2, 3, 5, 7, 11
Suppose 3*t - z - 37021 = -2314, 23159 = 2*t - 3*z. List the prime factors of t.
2, 5783
Let l = 32023 + 3446. List the prime factors of l.
3, 7, 563
Suppose -255 + 0 = -5*b. Let y = -48 + b. Suppose w - u - 134 = 0, w - u = y*w - 271. List the prime factors of w.
3, 5
Suppose 918 = 2*a - 2384. What are the prime factors of a?
13, 127
Suppose 19*c - 11439 = -29242. Let d = 1344 + c. What are the prime factors of d?
11, 37
Let h = -91 - -95. Suppose h*q - 10 - 10 = 0, 4*d + 3*q - 2259 = 0. List the prime factors of d.
3, 11, 17
Let q = 1539 - 909. Suppose -6*j + q = -j. Suppose -j = 17*x - 20*x. List the prime factors of x.
2, 3, 7
Suppose -45*f = -100*f + 302555. List the prime factors of f.
5501
Let j(s) be the third derivative of 0*s - 19/6*s**3 + 0 + 26*s**2 + 5/4*s**4. What are the prime factors of j(5)?
131
Let f(t) = 22*t**2 - 10*t + 7. Let w(g) = -42*g**2 + 15*g - 11. Let b(i) = -5*f(i) - 3*w(i). Let s = -3 - -7. What are the prime factors of b(s)?
2, 137
Let z = 479 - 44. Let i = z + 585. What are the prime factors of i?
2, 3, 5, 17
List the prime factors of (9566/7 + 0)/(146/1022).
2, 4783
Let c(g) = -31*g - 91. Let i(k) = -15*k - 48. Let o be i(-1). List the prime factors of c(o).
2, 233
Suppose -6*z = -1 - 41. Let c(d) = 15*d**2 + 4*d + 17. What are the prime factors of c(z)?
2, 3, 5, 13
Let i(q) = -2*q**2 - 14*q - 9. Let m be i(-5). Suppose -3*x + 19 = -m. What are the prime factors of (-36)/x*(-2 + 22/(-4))?
3
Let f be (-21)/(-15)*(-95)/19. What are the prime factors of (4/5 + (-102278)/385)*f?
2, 3, 103
Suppose 2*m - 3 = 67. Let q be 6/14*11 + 10/m. Suppose -5*i + 4*a = -9*i + 320, q*a + 240 = 3*i. What are the prime factors of i?
2, 5
Let j = 39 + -36. Suppose 2336 = j*z + z. Suppose 3*g - 411 = 3*t, -2*g + z = 2*g + 5*t. List the prime factors of g.
3, 47
Let z(n) = -173*n + 282. Let x be z(-14). Suppose 252*f - 250*f = x. List the prime factors of f.
2, 13
Suppose 3*w + 427*g - 14119 = 425*g, w = -2*g + 4705. List the prime factors of w.
3, 523
Let k(f) = f**3 + 8*f**2 - 24. Let m be k(-7). Suppose -3*i + m + 239 = 0. What are the prime factors of i?
2, 11
Suppose 2*i - 25 = 3*c, -5*i + 19 = -3*c - 30. List the prime factors of (-78)/(-104) - (-954)/i.
2, 3, 5
Suppose -2*r = -5*v - 11740, 4*r + 29*v - 23420 = 24*v. List the prime factors of r.
2, 5, 293
Let r(i) = 12*i**2 - 413*i + 176. What are the prime factors of r(89)?
7, 8353
Let c(d) be the third derivative of 179*d**4/24 - 11*d**3/6 - 106*d**2. What are the prime factors of c(2)?
347
Let o(c) = 154*c - 8*c**3 + 50*c**2 + 27*c**3 - 18*c**3 - 86. What are the prime factors of o(-46)?
2, 647
Suppose -3*d + 35 = 4*g, -2*d = 10*g - 12*g - 14. Suppose -d*h = -2*k - 4*h + 1078, -3*k + 3*h + 1626 = 0. What are the prime factors of k?
2, 17
Let u(s) = -s**3 - 8*s**2 + 9*s + 6. Let g be u(-9). Let q(r) = 27*r + 123. List the prime factors of q(g).
3, 5, 19
Let q(v) = 2*v**3 - 16*v**2 + 2*v - 19. Let r be q(8). Let s be (-2*9/(-12))/(r/80). Let d = 111 + s. List the prime factors of d.
71
Let v be ((-4)/8)/((-4)/(-48) - 0). Let m be ((-24)/20)/(v/20). Suppose 3*b = 4*a - 272, -m*b = -2*a - 0*b + 136. List the prime factors of a.
2, 17
Let o(w) be the second derivative of -3*w**3/2 - w**2/2 + w. Let u(m) = m**3 - 15*m**2 - 53*m - 19. Let g be u(18). What are the prime factors of o(g)?
2
Let b = 212 - 175. Suppose 119 = 13*p - b. What are the prime factors of p?
2, 3
Suppose 4*b - n = 4, -2*b - 9*n + 2 = -5*n. Let x(l) = 404*l**2 + 2*l - 1. List the prime factors of x(b).
3, 5
List the prime factors of (-6)/8 + ((-8712466)/(-56))/17.
9151
What are the prime factors of (3/2)/((-14)/168*36/(-80804))?
2, 20201
Suppose 6*x = -2*x - 48. What are the prime factors of ((-3240)/x)/2 + -5?
5, 53
Suppose 0 = 3*w - w, -z + 15692 = -3*w + 7*w. List the prime factors of z.
2, 3923
Suppose r - 6787 = -1405. Suppose -165*m = -156*m - r. List the prime factors of m.
2, 13, 23
Let x = -52 - -58. Let y(c) = c**3 + 4*c**2 + 10*c + 4. Let q be y(x). Suppose 59*o - 55*o = q. What are the prime factors of o?
2, 53
Let r = 2481 - 966. What are the prime factors of r?
3, 5, 101
Let f be (-16)/136 - (-8224)/(-34). Let l = f - -448. Suppose 0 = 3*c - 208 - l. List the prime factors of c.
2, 3, 23
Let i be (-670)/((7/(-63))/(1/6)). Let z = -591 + i. What are the prime factors of z?
2, 3, 